 29.
26
Suppose 284 = 4*s - 3*y, -48*s + 238 = -45*s + 4*y. What is the remainder when s is divided by 14?
4
Let i = 370 - 256. What is the remainder when i is divided by -1 - -31 - (-1 - -2)?
27
Let z(q) = -q**3 - 3*q**2 + 10*q + 20. Let d be z(-4). What is the remainder when (d*1)/((-18)/261) is divided by 10?
8
Let v(c) = 4*c - 3. Let o(h) be the first derivative of -3*h**4/2 + 2*h**3/3 + 3*h**2/2 + h - 4. What is the remainder when o(-2) is divided by v(4)?
12
Suppose 5*l + 2*t - 49 = 141, -2*l + 2*t + 76 = 0. Calculate the remainder when 121 is divided by l.
7
Let h = 3 + 7. Suppose -448*d + 445*d + 21 = 0. Calculate the remainder when h is divided by d.
3
Let h = -71 + 84. Suppose 0 = 4*p - 0*p - 68. Calculate the remainder when p is divided by h.
4
Suppose 322*a - 316*a = 66. What is the remainder when 241 is divided by a?
10
Suppose 0 = q, -25*p + 2*q + 2334 = -22*p. What is the remainder when p is divided by 41?
40
Let m = -52 + 55. Suppose m*h = 8*h - 225. What is the remainder when 177 is divided by h?
42
Let g be (-16)/(-10)*5/(-2). Let l be 156/42 - g/14. Suppose 20 = 5*m, -l*m = -2*t - 0*t + 42. What is the remainder when 114 is divided by t?
27
Let i = 2 - 4. Calculate the remainder when (-177)/(-2) - i/4 is divided by 18.
17
Let p = 146 + -60. What is the remainder when 335 is divided by p?
77
Suppose 2*m - 4*h + 8 - 2 = 0, 2*h = -m + 5. Let j(n) = 34*n**2 - n + 1. Suppose -3*z - 4*z = -84. Calculate the remainder when j(m) is divided by z.
10
Let w(l) = l + 8. Let o(d) = -1. Let j(s) = -6*o(s) - 3*w(s). Suppose 19 = -4*a + 3*g, -g - 3 - 35 = 5*a. What is the remainder when 5 is divided by j(a)?
2
Let f(o) = -26*o - 485. Let c(q) = 6*q - 3. Calculate the remainder when c(3) is divided by f(-19).
6
Calculate the remainder when (42/10)/((-2)/(-10)) is divided by (-10101)/(-1274) - 2/56*-2.
5
Calculate the remainder when 18/(-12)*(1100/2)/(-5) is divided by 28.
25
Let l(d) be the second derivative of 9*d**5/10 + d**4/4 - 2*d**2 + 3*d. Let w be l(-2). Calculate the remainder when 50 is divided by (2/4)/((-4)/w).
16
Suppose 3*z = -t - 18, -2*t - 4*z + 0*z - 28 = 0. What is the remainder when (-23)/5*(t - -1) is divided by 13?
10
Let l be -2 - 0 - (-20)/(3 + -8). What is the remainder when 54 is divided by (126/l)/(-3) + -2 + 0?
4
What is the remainder when (-80)/(-10) + -4 + 34/2 is divided by 5?
1
Let i(b) = -2*b - 4. Let k(c) = -c**3 + 6*c**2 - 5*c + 2. Let g be k(5). Let y = -13 + g. What is the remainder when 47 is divided by i(y)?
11
Suppose 0 = 21*f + 147 - 462. Calculate the remainder when 2/(-10) + 2574/45 is divided by f.
12
Suppose 21*n = 16*n + 60. Calculate the remainder when 46 is divided by n.
10
Suppose 2*q - 2*f - 194 = 0, 3*q - 186 = -3*f + 135. Let d(t) = -t**3 + 7*t**2 - 5*t + 1. Calculate the remainder when q is divided by d(5).
24
Let l be ((-12)/2)/(10/15). Let t = -5 - l. Suppose 0*h - 60 = -6*h. What is the remainder when h is divided by t?
2
Let i(k) = -k**2 - k + 1. Let s be i(1). Calculate the remainder when (s - 1)/(30/(-405)) is divided by 14.
13
Let c = -726 - -1107. What is the remainder when c is divided by 16?
13
Let w(v) = 10*v + 6 - 18*v + 5*v + 11*v. Calculate the remainder when w(7) is divided by 33.
29
Let g = 3 - -3. Let j(x) = 6*x**2 - 10*x + 3. Let a be j(g). Suppose -a = -y - 2*y. Calculate the remainder when y is divided by 14.
11
Suppose -3*u + 8 = u. Suppose -37*d + 865 = 236. Calculate the remainder when d is divided by (u/6)/(3/45).
2
Let k(j) = 40*j - 13. Let f be (12/9)/(12/27). What is the remainder when k(f) is divided by 27?
26
Let x be -1 + (-339)/9 - (-3)/(-9). Let y = 41 + x. What is the remainder when 6 is divided by y?
0
Suppose -2*r + 2*u = -38, -2*r - u = -6*r + 88. Let a = r - 39. What is the remainder when 23 is divided by 26/4*a/(-8)?
10
Suppose 67 = -6*z - 47. Let p = z + 39. Calculate the remainder when p is divided by 11.
9
Let m(j) = -j**3 + 7*j**2 - 5*j - 7. Let q be m(6). Let f be 3/6*q*0. Suppose r = -f*r + 75. What is the remainder when r is divided by 26?
23
Let b(w) = w - 6. Let g be b(9). Let f(j) = -2 - 11*j**3 + j + 2 + 2*j**2 - 19*j**g. What is the remainder when 121 is divided by f(-1)?
28
Let v = -133 + 282. Let z(x) = x**3 - 21*x**2 - 23*x + 52. What is the remainder when v is divided by z(22)?
29
Suppose -38*l + 925 = -33*l - 5*z, 369 = 2*l - 3*z. What is the remainder when l is divided by 11?
10
What is the remainder when 4 - ((-192)/15)/((-2)/(-20)) is divided by 51?
30
Suppose -6*r = -488 + 86. Suppose r = 5*q - 8. What is the remainder when 25 is divided by q?
10
Suppose -9 = 4*z - n, -2*n + 5 = 5*z - 0. Calculate the remainder when 6/(1 - z)*364/42 is divided by 10.
6
Suppose -65*l = -59*l - 24. What is the remainder when ((50/(-15))/(-5))/(l/1398) is divided by 18?
17
Let t = 5 + -9. Let n(i) = -i - 24. Let j be n(21). What is the remainder when (30/t)/(j/300) is divided by 17?
16
Suppose 0 = 8*f - 212 - 292. What is the remainder when f is divided by 46?
17
Suppose 7*g = 2*g. Suppose 6*q - 4*q = -k - 3, -2*k = 2*q + 6. Suppose g = -q*i - 2*i + 62. Calculate the remainder when i is divided by 8.
7
Suppose 5 = -14*k + 9*k. What is the remainder when (2/2 - (-6 + -13)) + k is divided by 12?
7
Let m = 7 - 5. Suppose m*u = 3*u - 15. What is the remainder when 59 is divided by u?
14
Let x be 28/3*33/44. Suppose i + 4*c + x = 44, 0 = 5*i - 5*c - 210. Calculate the remainder when i is divided by 11.
8
Let x(a) = a**3 - 3*a**2 - a + 4. Let m be x(3). Let o(d) = 54*d**2 - d. Let s(k) = -k**2 + 8*k + 23. What is the remainder when o(m) is divided by s(9)?
11
Let v(g) = 1 + 1 - 2*g + 17*g. Let m = -129 - -130. Calculate the remainder when 47 is divided by v(m).
13
Let o = 507 - -2518. Calculate the remainder when o/45 - 4/18 is divided by 23.
21
Suppose -2*x + 5 = -x. What is the remainder when 26 is divided by (18/x)/(6/15)?
8
Let v(c) = -3*c**3 - 36*c**2 - 6*c + 36. What is the remainder when v(-12) is divided by 3?
0
Suppose -8 - 1 = -3*q. Suppose u = q*u. Suppose 74 = 5*t - 3*r, u = -t + 4*r + 5 + 3. What is the remainder when t is divided by 6?
4
Suppose -8 = -2*y, 2*i + 2*y - 660 = -2*i. Suppose -11*c + 625 = i. What is the remainder when c is divided by 15?
12
Let k(o) = 5*o + 39. Let p be k(0). Let d = 77 - p. Calculate the remainder when 113 is divided by d.
37
Let f = 6 + -4. Let b(y) = 2*y**2 - 1. Suppose -11 = 3*n + 5*k, 3*n + 4*k + 10 = -0*n. Calculate the remainder when b(n) is divided by f.
1
Suppose -249 = -5*m + 541. What is the remainder when m is divided by 46?
20
Suppose -25 = 12*n - 17*n. Suppose n*h - 116 = d, -h - d + 52 = h. Let y(k) = -17*k - 5. What is the remainder when y(-3) is divided by h?
22
What is the remainder when 367 is divided by 11 - (54/(-90) + 26/10)?
7
Let l = -849 - -897. Calculate the remainder when l is divided by 10.
8
Let n(o) = o + 6. Suppose -v + 6 = -0*v. Let d be n(v). Let b = 54 - d. What is the remainder when b is divided by 22?
20
Let k(z) = z**3 - 17*z**2 + 28*z + 51. What is the remainder when 144 is divided by k(15)?
18
Let p be -4*1*2*70/80. What is the remainder when p + 2 - (-3 - 37) is divided by 4?
3
Suppose -55 = -2*c + 5*n, 4*n = -14 + 2. Suppose -256 = -4*x + p - 3*p, -c = 5*p. What is the remainder when x is divided by 19?
9
Suppose 6*n - 4*n + 4*h = 72, 2*n - 44 = 3*h. What is the remainder when 177 is divided by n?
9
Let h(q) = -13*q**3 + 4*q**2 - 4*q + 3. Let r be h(3). What is the remainder when 80 is divided by (-2)/3*r/8?
26
Let t = 44 + -33. Let x = 6 - -11. What is the remainder when x is divided by t?
6
Let l(j) be the third derivative of j**6/120 - j**5/15 - 3*j**4/8 + j**3 + j**2. What is the remainder when l(6) is divided by (-345)/(-46)*(-3)/(-15)*6?
6
Let a = 37 - 33. Suppose 50 = 2*h + a*k, -k - 1 + 126 = 5*h. Calculate the remainder when h is divided by 13.
12
Suppose 10 = 2*w, 5*j + w + 1363 = 14*j. What is the remainder when 1367 is divided by j?
151
Let p = 1209 - 1162. Suppose -20 = -k - k. Calculate the remainder when p is divided by k.
7
Suppose -5*v + v = -40. Suppose -32 - 28 = -4*i. Calculate the remainder when 435/v*4/3 is divided by i.
13
Let k = 23 + 10. Suppose x - 2*x + 3*i = -99, i + 289 = 3*x. What is the remainder when x is divided by k?
30
Let t(c) = 4*c + 